{"id":278,"date":"2024-02-29T16:37:38","date_gmt":"2024-02-29T15:37:38","guid":{"rendered":"https:\/\/www.camminodellacqua.org\/?page_id=278"},"modified":"2024-04-02T16:00:06","modified_gmt":"2024-04-02T14:00:06","slug":"privacy-policy","status":"publish","type":"page","link":"https:\/\/www.camminodellacqua.org\/index.php\/privacy-policy\/","title":{"rendered":"Privacy Policy"},"content":{"rendered":"<p>[et_pb_section fb_built=&#8221;1&#8243; _builder_version=&#8221;4.24.2&#8243; _module_preset=&#8221;default&#8221; global_colors_info=&#8221;{}&#8221;][et_pb_row _builder_version=&#8221;4.16&#8243; global_colors_info=&#8221;{}&#8221;][et_pb_column type=&#8221;4_4&#8243; _builder_version=&#8221;4.16&#8243; custom_padding=&#8221;|||&#8221; global_colors_info=&#8221;{}&#8221; custom_padding__hover=&#8221;|||&#8221;][et_pb_text _builder_version=&#8221;4.24.2&#8243; text_font=&#8221;Montserrat|300|||||||&#8221; text_font_size=&#8221;16px&#8221; text_line_height=&#8221;2em&#8221; ul_font=&#8221;||||||||&#8221; ul_line_height=&#8221;2em&#8221; header_font=&#8221;||||||||&#8221; header_2_font=&#8221;||||||||&#8221; header_3_font=&#8221;|||on|||||&#8221; header_3_font_size=&#8221;24px&#8221; header_3_line_height=&#8221;1.4em&#8221; background_color=&#8221;#ffffff&#8221; custom_padding=&#8221;40px|40px|40px|40px|true|true&#8221; hover_enabled=&#8221;0&#8243; header_2_font_size_tablet=&#8221;30px&#8221; header_2_font_size_phone=&#8221;24px&#8221; header_2_font_size_last_edited=&#8221;off|desktop&#8221; header_3_font_size_tablet=&#8221;30px&#8221; header_3_font_size_phone=&#8221;24px&#8221; header_3_font_size_last_edited=&#8221;off|desktop&#8221; border_radii=&#8221;on|10px|10px|10px|10px&#8221; box_shadow_style=&#8221;preset3&#8243; box_shadow_vertical=&#8221;10px&#8221; box_shadow_blur=&#8221;80px&#8221; box_shadow_spread=&#8221;-10px&#8221; box_shadow_color=&#8221;rgba(44,54,92,0.2)&#8221; global_colors_info=&#8221;{}&#8221; sticky_enabled=&#8221;0&#8243;]<\/p>\n<h3>Privacy Policy<\/h3>\n<p><strong>www.camminodellacqua.org<\/strong><\/p>\n<p>Questa Applicazione raccoglie alcuni Dati Personali dei propri Utenti.<\/p>\n<p><strong>Titolare del Trattamento dei Dati<\/strong><br \/>Dimensione Explorer S.r.l C.da Lammerti 29 \u2013 86010 CAMPOBASSO (CB)<br \/>info@dimensioneexplorer.com<\/p>\n<p>La presente informativa ha valore ai fini dell\u2019 art. 13 del D.Lgs. n. 196\/2003, Codice in materia di protezione dei dati personali, e ai fini dell\u2019articolo 13 del Regolamento UE n. 2016\/679, relativo alla protezione delle persone fisiche con riguardo al trattamento dei dati personali nonch\u00e9 alla libera circolazione di tali dati, per i soggetti che interagiscono con www.camminodellacqua.org ed \u00e8 raggiungibile all\u2019indirizzo corrispondente alla pagina iniziale: <a href=\"www.camminodellacqua.org\/\"><strong>https:\/\/www.camminodellacqua.org<\/strong><\/a><\/p>\n<p>Scopo del presente documento \u00e8 fornire indicazioni circa le modalit\u00e0, i tempi e la natura delle informazioni che i titolari del trattamento devono fornire agli utenti al momento della connessione alle pagine web di www.camminodellacqua.org, indipendentemente dagli scopi del collegamento stesso, secondo la legislazione Italiana ed Europea.<\/p>\n<p><strong>Tipologie di Dati raccolti<\/strong><br \/>Fra i Dati Personali raccolti da questa Applicazione, in modo autonomo o tramite terze parti, ci sono: nome, cognome, email, varie tipologie di Dati, Cookie e Dati di utilizzo. Dati Personali possono essere liberamente forniti dall\u2019Utente o, nel caso di Dati di Utilizzo, raccolti automaticamente durante l\u2019uso di questa Applicazione.<\/p>\n<p>Se non diversamente specificato, tutti i Dati richiesti da questa Applicazione sono obbligatori. Se l\u2019Utente rifiuta di comunicarli, potrebbe essere impossibile per questa Applicazione fornire il Servizio. Nei casi in cui questa Applicazione indichi alcuni Dati come facoltativi, gli Utenti sono liberi di astenersi dal comunicare tali Dati, senza che ci\u00f2 abbia alcuna conseguenza sulla disponibilit\u00e0 del Servizio o sulla sua operativit\u00e0.<\/p>\n<p><strong>Modalit\u00e0 e luogo del trattamento dei Dati raccolti<\/strong><\/p>\n<p><em>Modalit\u00e0 di trattamento<\/em><\/p>\n<p>Il Titolare adotta le opportune misure di sicurezza volte ad impedire l\u2019accesso, la divulgazione, la modifica o la distruzione non autorizzate dei Dati Personali. Il trattamento viene effettuato mediante strumenti informatici e\/o telematici, con modalit\u00e0 organizzative e con logiche strettamente correlate alle finalit\u00e0 indicate. Oltre al Titolare, in alcuni casi, potrebbero avere accesso ai Dati altri soggetti coinvolti nell\u2019organizzazione di questa Applicazione (personale amministrativo, commerciale, marketing, legali, amministratori di sistema) ovvero soggetti esterni (come fornitori di servizi tecnici terzi, hosting provider, societ\u00e0 informatiche.<\/p>\n<p><strong>Finalit\u00e0 del Trattamento dei Dati raccolti<\/strong><br \/>I Dati dell\u2019Utente sono raccolti per consentire al Titolare di fornire i propri Servizi, cos\u00ec come per le seguenti finalit\u00e0: Statistica, Contattare l\u2019Utente e Visualizzazione di contenuti da piattaforme esterne.<\/p>\n<p>Per ottenere ulteriori informazioni dettagliate sulle finalit\u00e0 del trattamento e sui Dati Personali concretamente rilevanti per ciascuna finalit\u00e0, l\u2019Utente pu\u00f2 fare riferimento alle relative sezioni di questo documento.<\/p>\n<p><em>Luogo<\/em><br \/>I Dati sono trattati presso le sedi operative del Titolare ed in ogni altro luogo in cui le parti coinvolte nel trattamento siano localizzate. Per ulteriori informazioni, contatta il Titolare. I Dati Personali dell\u2019Utente potrebbero essere trasferiti in un paese diverso da quello in cui l\u2019Utente si trova. Per ottenere ulteriori informazioni sul luogo del trattamento l\u2019Utente pu\u00f2 fare riferimento alla sezione relativa ai dettagli sul trattamento dei Dati Personali.<\/p>\n<p><em>Periodo di conservazione<\/em><br \/>I Dati sono trattati e conservati per il tempo richiesto dalle finalit\u00e0 per le quali sono stati raccolti.<\/p>\n<p><strong>Dati Trattati<\/strong><\/p>\n<p>Dettagli sul trattamento dei Dati Personali<br \/>I Dati Personali sono raccolti per le seguenti finalit\u00e0 ed utilizzando i seguenti servizi:<\/p>\n<p>Dati trattati per le seguenti finalit\u00e0 e utilizzando il seguente servizio:<\/p>\n<p>Statistiche<\/p>\n<p><em><strong>Matomo Analitycs<\/strong><\/em><br \/>Puoi scegliere di impedire a questo sito web di aggregare e analizzare le azioni che intraprendi qui. Ci\u00f2 protegger\u00e0 la tua privacy, ma impedir\u00e0 al proprietario di imparare dalle tue azioni e di creare un&#8217;esperienza migliore per te e per gli altri utenti.<\/p>\n<p><span><p id=\"matomo_opted_out_intro\" style=\"display:none;\">Opt-out completato. Le tue visite a questo sito non verranno registrate dallo strumento di Web Analytics. Nota che se cancelli i tuoi cookie, cancelli anche il cookie di opt-out, e se cambi computer o browser web, devi fare nuovamente la procedura di opt-out.<\/p><p id=\"matomo_opted_in_intro\" >Puoi scegliere di impedire a questo sito web di aggregare e analizzare le azioni che intraprendi qui. Ci\u00f2 protegger\u00e0 la tua privacy, ma impedir\u00e0 al proprietario di imparare dalle tue azioni e di creare un&#039;esperienza migliore per te e per gli altri utenti.<\/p><form>\n        <input type=\"checkbox\" id=\"matomo_optout_checkbox\" checked=\"checked\"\/>\n        <label for=\"matomo_optout_checkbox\"><strong>\n        <span id=\"matomo_opted_in_label\" >Al momento le tue visite vengono tracciate. Togli la spunta a questa casella per escluderti (opt-out).<\/span>\n\t\t<span id=\"matomo_opted_out_label\" style=\"display:none;\">Al momento le tue visite non vengono tracciate. Metti la spunta a questa casella per abilitarti (opt-in).<\/span>\n        <\/strong><\/label><\/form><noscript><p><strong style=\"color: #ff0000;\">This opt out feature requires JavaScript.<\/strong><\/p><\/noscript><p id=\"matomo_outout_err_cookies\" style=\"display: none;\"><strong>La funzione per l&#039;opt-out dal monitoraggio richiede che siano abilitati i cookies.<\/strong><\/p><\/span><\/p>\n<p><strong><em>Widget<\/em> <em>Mapbox <\/em><\/strong>(Mapbox.com)<br \/>Questo tipo di servizi permette di visualizzare contenuti ospitati su piattaforme esterne direttamente dalle pagine di questa Applicazione e di interagire con essi. Nel caso in cui sia installato un servizio di questo tipo, \u00e8 possibile che, anche nel caso gli Utenti non utilizzino il servizio, lo stesso raccolga dati di traffico relativi alle pagine in cui \u00e8 installato.<\/p>\n<p>Mapbox \u00e8 un servizio di visualizzazione di mappe gestito da Mapbox,\u00a0 <span>Azienda americana di tecnologia geospaziale, <\/span>che permette a questa Applicazione di integrare tali contenuti all\u2019interno delle proprie pagine.<\/p>\n<p>Dati personali raccolti: Cookie e Dati di utilizzo.<\/p>\n<p>Luogo del trattamento: US \u2013 <a href=\"https:\/\/www.mapbox.com\/legal\/privacy#product-privacy-policy\">Privacy Policy<\/a><\/p>\n<p>&nbsp;<\/p>\n<p><strong>Cookie Policy<\/strong><br \/>Questa Applicazione fa utilizzo di Cookie. Per saperne di pi\u00f9 e per prendere visione dell\u2019informativa dettagliata, l\u2019Utente pu\u00f2 consultare la Cookie Policy.<\/p>\n<p><strong>Modifiche al presente documento<\/strong><\/p>\n<p>Il presente documento, pubblicato all\u2019indirizzo: <strong><a href=\"http:\/\/www.camminodellacqua\/index.php\/privacy-policy\">www.camminodellacqua.org\/privacy-policy<\/a><\/strong> costituisce la privacy policy di questo sito.<\/p>\n<p>Il documento \u00e8 stato aggiornato in data 01\/03\/2024 per essere conforme alle disposizioni normative in materia, ed in particolare in conformit\u00e0 al Regolamento UE 2016\/679.<\/p>\n<p>&nbsp;<\/p>\n<p>[\/et_pb_text][\/et_pb_column][\/et_pb_row][\/et_pb_section]<\/p>\n","protected":false},"excerpt":{"rendered":"<p>Privacy Policy www.camminodellacqua.org Questa Applicazione raccoglie alcuni Dati Personali dei propri Utenti. Titolare del Trattamento dei DatiDimensione Explorer S.r.l C.da Lammerti 29 \u2013 86010 CAMPOBASSO (CB)info@dimensioneexplorer.com La presente informativa ha valore ai fini dell\u2019 art. 13 del D.Lgs. n. 196\/2003, Codice in materia di protezione dei dati personali, e ai fini dell\u2019articolo 13 del Regolamento [&hellip;]<\/p>\n","protected":false},"author":1,"featured_media":0,"parent":0,"menu_order":0,"comment_status":"closed","ping_status":"closed","template":"","meta":{"_et_pb_use_builder":"on","_et_pb_old_content":"","_et_gb_content_width":"","_themeisle_gutenberg_block_has_review":false,"footnotes":""},"class_list":["post-278","page","type-page","status-publish","hentry"],"yoast_head":"<!-- This site is optimized with the Yoast SEO plugin v23.0 - https:\/\/yoast.com\/wordpress\/plugins\/seo\/ -->\n<title>Privacy Policy - Il Cammino dell&#039;Acqua<\/title>\n<meta name=\"description\" content=\"Informazioni sulla Privacy Policy del il sito www.camminodellacqua.org\" \/>\n<meta name=\"robots\" content=\"index, follow, max-snippet:-1, max-image-preview:large, max-video-preview:-1\" \/>\n<link rel=\"canonical\" href=\"https:\/\/www.camminodellacqua.org\/index.php\/privacy-policy\/\" \/>\n<meta property=\"og:locale\" content=\"it_IT\" \/>\n<meta property=\"og:type\" content=\"article\" \/>\n<meta property=\"og:title\" content=\"Privacy Policy - Il Cammino dell&#039;Acqua\" \/>\n<meta property=\"og:description\" content=\"Informazioni sulla Privacy Policy del il sito www.camminodellacqua.org\" \/>\n<meta property=\"og:url\" content=\"https:\/\/www.camminodellacqua.org\/index.php\/privacy-policy\/\" \/>\n<meta property=\"og:site_name\" content=\"Il Cammino dell&#039;Acqua\" \/>\n<meta property=\"article:modified_time\" content=\"2024-04-02T14:00:06+00:00\" \/>\n<meta name=\"twitter:card\" content=\"summary_large_image\" \/>\n<meta name=\"twitter:label1\" content=\"Tempo di lettura stimato\" \/>\n\t<meta name=\"twitter:data1\" content=\"4 minuti\" \/>\n<script type=\"application\/ld+json\" class=\"yoast-schema-graph\">{\"@context\":\"https:\/\/schema.org\",\"@graph\":[{\"@type\":\"WebPage\",\"@id\":\"https:\/\/www.camminodellacqua.org\/index.php\/privacy-policy\/\",\"url\":\"https:\/\/www.camminodellacqua.org\/index.php\/privacy-policy\/\",\"name\":\"Privacy Policy - Il Cammino dell&#039;Acqua\",\"isPartOf\":{\"@id\":\"https:\/\/www.camminodellacqua.org\/#website\"},\"datePublished\":\"2024-02-29T15:37:38+00:00\",\"dateModified\":\"2024-04-02T14:00:06+00:00\",\"description\":\"Informazioni sulla Privacy Policy del il sito www.camminodellacqua.org\",\"breadcrumb\":{\"@id\":\"https:\/\/www.camminodellacqua.org\/index.php\/privacy-policy\/#breadcrumb\"},\"inLanguage\":\"it-IT\",\"potentialAction\":[{\"@type\":\"ReadAction\",\"target\":[\"https:\/\/www.camminodellacqua.org\/index.php\/privacy-policy\/\"]}]},{\"@type\":\"BreadcrumbList\",\"@id\":\"https:\/\/www.camminodellacqua.org\/index.php\/privacy-policy\/#breadcrumb\",\"itemListElement\":[{\"@type\":\"ListItem\",\"position\":1,\"name\":\"Home\",\"item\":\"https:\/\/www.camminodellacqua.org\/\"},{\"@type\":\"ListItem\",\"position\":2,\"name\":\"Privacy Policy\"}]},{\"@type\":\"WebSite\",\"@id\":\"https:\/\/www.camminodellacqua.org\/#website\",\"url\":\"https:\/\/www.camminodellacqua.org\/\",\"name\":\"Il Cammino dell'Acqua\",\"description\":\"Il turismo sostenibile tra ambiente, cultura e storia\",\"publisher\":{\"@id\":\"https:\/\/www.camminodellacqua.org\/#organization\"},\"potentialAction\":[{\"@type\":\"SearchAction\",\"target\":{\"@type\":\"EntryPoint\",\"urlTemplate\":\"https:\/\/www.camminodellacqua.org\/?s={search_term_string}\"},\"query-input\":\"required name=search_term_string\"}],\"inLanguage\":\"it-IT\"},{\"@type\":\"Organization\",\"@id\":\"https:\/\/www.camminodellacqua.org\/#organization\",\"name\":\"Il Cammino dell'Acqua\",\"url\":\"https:\/\/www.camminodellacqua.org\/\",\"logo\":{\"@type\":\"ImageObject\",\"inLanguage\":\"it-IT\",\"@id\":\"https:\/\/www.camminodellacqua.org\/#\/schema\/logo\/image\/\",\"url\":\"https:\/\/www.camminodellacqua.org\/wp-content\/uploads\/2024\/02\/cropped-camm-favicon.png\",\"contentUrl\":\"https:\/\/www.camminodellacqua.org\/wp-content\/uploads\/2024\/02\/cropped-camm-favicon.png\",\"width\":512,\"height\":512,\"caption\":\"Il Cammino dell'Acqua\"},\"image\":{\"@id\":\"https:\/\/www.camminodellacqua.org\/#\/schema\/logo\/image\/\"}}]}<\/script>\n<!-- \/ Yoast SEO plugin. -->","yoast_head_json":{"title":"Privacy Policy - Il Cammino dell&#039;Acqua","description":"Informazioni sulla Privacy Policy del il sito www.camminodellacqua.org","robots":{"index":"index","follow":"follow","max-snippet":"max-snippet:-1","max-image-preview":"max-image-preview:large","max-video-preview":"max-video-preview:-1"},"canonical":"https:\/\/www.camminodellacqua.org\/index.php\/privacy-policy\/","og_locale":"it_IT","og_type":"article","og_title":"Privacy Policy - Il Cammino dell&#039;Acqua","og_description":"Informazioni sulla Privacy Policy del il sito www.camminodellacqua.org","og_url":"https:\/\/www.camminodellacqua.org\/index.php\/privacy-policy\/","og_site_name":"Il Cammino dell&#039;Acqua","article_modified_time":"2024-04-02T14:00:06+00:00","twitter_card":"summary_large_image","twitter_misc":{"Tempo di lettura stimato":"4 minuti"},"schema":{"@context":"https:\/\/schema.org","@graph":[{"@type":"WebPage","@id":"https:\/\/www.camminodellacqua.org\/index.php\/privacy-policy\/","url":"https:\/\/www.camminodellacqua.org\/index.php\/privacy-policy\/","name":"Privacy Policy - Il Cammino dell&#039;Acqua","isPartOf":{"@id":"https:\/\/www.camminodellacqua.org\/#website"},"datePublished":"2024-02-29T15:37:38+00:00","dateModified":"2024-04-02T14:00:06+00:00","description":"Informazioni sulla Privacy Policy del il sito www.camminodellacqua.org","breadcrumb":{"@id":"https:\/\/www.camminodellacqua.org\/index.php\/privacy-policy\/#breadcrumb"},"inLanguage":"it-IT","potentialAction":[{"@type":"ReadAction","target":["https:\/\/www.camminodellacqua.org\/index.php\/privacy-policy\/"]}]},{"@type":"BreadcrumbList","@id":"https:\/\/www.camminodellacqua.org\/index.php\/privacy-policy\/#breadcrumb","itemListElement":[{"@type":"ListItem","position":1,"name":"Home","item":"https:\/\/www.camminodellacqua.org\/"},{"@type":"ListItem","position":2,"name":"Privacy Policy"}]},{"@type":"WebSite","@id":"https:\/\/www.camminodellacqua.org\/#website","url":"https:\/\/www.camminodellacqua.org\/","name":"Il Cammino dell'Acqua","description":"Il turismo sostenibile tra ambiente, cultura e storia","publisher":{"@id":"https:\/\/www.camminodellacqua.org\/#organization"},"potentialAction":[{"@type":"SearchAction","target":{"@type":"EntryPoint","urlTemplate":"https:\/\/www.camminodellacqua.org\/?s={search_term_string}"},"query-input":"required name=search_term_string"}],"inLanguage":"it-IT"},{"@type":"Organization","@id":"https:\/\/www.camminodellacqua.org\/#organization","name":"Il Cammino dell'Acqua","url":"https:\/\/www.camminodellacqua.org\/","logo":{"@type":"ImageObject","inLanguage":"it-IT","@id":"https:\/\/www.camminodellacqua.org\/#\/schema\/logo\/image\/","url":"https:\/\/www.camminodellacqua.org\/wp-content\/uploads\/2024\/02\/cropped-camm-favicon.png","contentUrl":"https:\/\/www.camminodellacqua.org\/wp-content\/uploads\/2024\/02\/cropped-camm-favicon.png","width":512,"height":512,"caption":"Il Cammino dell'Acqua"},"image":{"@id":"https:\/\/www.camminodellacqua.org\/#\/schema\/logo\/image\/"}}]}},"_links":{"self":[{"href":"https:\/\/www.camminodellacqua.org\/index.php\/wp-json\/wp\/v2\/pages\/278","targetHints":{"allow":["GET"]}}],"collection":[{"href":"https:\/\/www.camminodellacqua.org\/index.php\/wp-json\/wp\/v2\/pages"}],"about":[{"href":"https:\/\/www.camminodellacqua.org\/index.php\/wp-json\/wp\/v2\/types\/page"}],"author":[{"embeddable":true,"href":"https:\/\/www.camminodellacqua.org\/index.php\/wp-json\/wp\/v2\/users\/1"}],"replies":[{"embeddable":true,"href":"https:\/\/www.camminodellacqua.org\/index.php\/wp-json\/wp\/v2\/comments?post=278"}],"version-history":[{"count":10,"href":"https:\/\/www.camminodellacqua.org\/index.php\/wp-json\/wp\/v2\/pages\/278\/revisions"}],"predecessor-version":[{"id":652,"href":"https:\/\/www.camminodellacqua.org\/index.php\/wp-json\/wp\/v2\/pages\/278\/revisions\/652"}],"wp:attachment":[{"href":"https:\/\/www.camminodellacqua.org\/index.php\/wp-json\/wp\/v2\/media?parent=278"}],"curies":[{"name":"wp","href":"https:\/\/api.w.org\/{rel}","templated":true}]}}